late the greatest common divisor of 51 and 2924.
17
What is the highest common factor of 2 and 49?
1
What is the highest common factor of 690 and 4255?
115
What is the greatest common factor of 396 and 55?
11
Calculate the greatest common factor of 54 and 4.
2
Calculate the highest common divisor of 702 and 26.
26
Calculate the highest common divisor of 23 and 9.
1
What is the highest common factor of 56 and 14?
14
What is the greatest common factor of 50 and 3450?
50
What is the greatest common factor of 484 and 4?
4
Calculate the highest common factor of 442 and 68.
34
What is the highest common factor of 156 and 1716?
156
What is the highest common factor of 140 and 50?
10
Calculate the greatest common divisor of 17 and 1411.
17
What is the greatest common factor of 6955 and 214?
107
What is the highest common divisor of 122 and 610?
122
Calculate the highest common divisor of 15 and 1167.
3
What is the highest common factor of 168 and 56?
56
What is the highest common factor of 494 and 418?
38
What is the greatest common divisor of 112956 and 12?
12
Calculate the greatest common divisor of 143 and 52.
13
What is the highest common divisor of 1010 and 10?
10
Calculate the highest common divisor of 11 and 379.
1
Calculate the greatest common divisor of 210 and 1065.
15
Calculate the greatest common divisor of 30 and 5590.
10
What is the highest common factor of 22 and 16434?
22
Calculate the greatest common divisor of 17 and 527.
17
Calculate the highest common divisor of 56 and 266.
14
What is the highest common factor of 1209 and 186?
93
Calculate the highest common divisor of 14 and 182.
14
What is the greatest common divisor of 192 and 2340?
12
What is the highest common divisor of 116 and 2378?
58
Calculate the highest common factor of 80 and 6672.
16
Calculate the highest common factor of 413 and 7.
7
Calculate the highest common divisor of 6349 and 21.
7
What is the highest common divisor of 51 and 15?
3
What is the highest common divisor of 9622 and 34?
34
What is the highest common divisor of 133 and 1273?
19
What is the highest common divisor of 52 and 182?
26
What is the highest common divisor of 17 and 1?
1
Calculate the highest common factor of 572 and 338.
26
Calculate the highest common divisor of 16 and 19088.
16
What is the highest common factor of 39 and 182?
13
Calculate the greatest common factor of 9 and 4383.
9
Calculate the highest common divisor of 116 and 23722.
58
Calculate the greatest common factor of 44419 and 43.
43
Calculate the highest common divisor of 2090 and 10.
10
What is the greatest common divisor of 1860 and 120?
60
What is the highest common divisor of 387 and 45?
9
Calculate the greatest common factor of 8 and 72.
8
Calculate the highest common divisor of 7 and 35.
7
Calculate the highest common factor of 141 and 376.
47
What is the highest common factor of 256 and 648?
8
Calculate the highest common divisor of 217 and 31.
31
What is the greatest common divisor of 522 and 319?
29
What is the highest common divisor of 18 and 162?
18
What is the greatest common factor of 15 and 6620?
5
Calculate the greatest common divisor of 3 and 11.
1
Calculate the greatest common divisor of 8 and 21092.
4
What is the greatest common divisor of 255 and 3?
3
Calculate the highest common divisor of 1042 and 6.
2
What is the highest common factor of 581 and 35?
7
What is the highest common factor of 18 and 81?
9
What is the greatest common factor of 248 and 16?
8
What is the greatest common divisor of 56 and 104?
8
Calculate the highest common factor of 9 and 99.
9
Calculate the greatest common divisor of 100 and 1300.
100
What is the highest common divisor of 243 and 1809?
27
Calculate the highest common factor of 246 and 6.
6
What is the greatest common divisor of 75 and 66075?
75
What is the greatest common factor of 4167 and 9?
9
What is the highest common factor of 871 and 13?
13
Calculate the greatest common factor of 462 and 55.
11
Calculate the greatest common divisor of 240 and 150.
30
What is the greatest common divisor of 12 and 1002?
6
What is the highest common factor of 1403 and 671?
61
What is the highest common divisor of 3925 and 2041?
157
What is the highest common divisor of 296 and 152?
8
What is the highest common divisor of 804 and 132?
12
Calculate the highest common divisor of 935 and 33.
11
Calculate the greatest common factor of 140 and 105.
35
Calculate the greatest common divisor of 16663 and 19.
19
Calculate the highest common factor of 1170 and 1690.
130
What is the greatest common factor of 76 and 1900?
76
Calculate the highest common factor of 1045 and 57.
19
What is the greatest common divisor of 392 and 441?
49
What is the greatest common divisor of 10 and 6?
2
What is the highest common divisor of 65 and 25?
5
Calculate the highest common divisor of 49 and 33859.
49
Calculate the highest common factor of 555 and 15.
15
What is the greatest common divisor of 954 and 18?
18
Calculate the greatest common divisor of 135 and 7884.
27
What is the greatest common divisor of 94 and 517?
47
Calculate the greatest common divisor of 6 and 50.
2
Calculate the greatest common factor of 2756 and 156.
52
Calculate the greatest common divisor of 7250 and 232.
58
Calculate the highest common factor of 32 and 88.
8
What is the greatest common divisor of 512 and 64?
64
What is the greatest common divisor of 60 and 135?
15
Calculate the highest common divisor of 65758 and 77.
77
Calculate the greatest common divisor of 97 and 3.
1
Calculate the greatest common factor of 598 and 208.
26
What is the greatest common factor of 3024 and 264?
24
Calculate the greatest common divisor of 6 and 294.
6
What is the greatest common factor of 36 and 4344?
12
Calculate the greatest common divisor of 288 and 64.
32
What is the highest common divisor of 15 and 255?
15
Calculate the highest common divisor of 1363 and 47.
47
Calculate the highest common divisor of 4 and 758.
2
What is the greatest common divisor of 4 and 30?
2
What is the greatest common factor of 121 and 11?
11
Calculate the greatest common factor of 85525 and 275.
275
Calculate the highest common factor of 29 and 1.
1
Calculate the greatest common divisor of 121 and 121.
121
Calculate the greatest common factor of 4522 and 102.
34
What is the greatest common factor of 102 and 3006?
6
What is the greatest common factor of 235 and 47?
47
Calculate the highest common factor of 5202 and 34.
34
Calculate the highest common factor of 1080 and 1480.
40
What is the greatest common divisor of 775 and 186?
31
Calculate the greatest common divisor of 44 and 3696.
44
What is the greatest common factor of 594 and 44?
22
Calculate the highest common divisor of 210 and 182.
14
What is the greatest common divisor of 3473 and 92?
23
What is the greatest common divisor of 1 and 64?
1
What is the greatest common factor of 1045 and 55?
55
Calculate the highest common divisor of 1804 and 44.
44
Calculate the greatest common divisor of 1 and 13.
1
What is the greatest common divisor of 50 and 18?
2
Calculate the greatest common factor of 22 and 14.
2
What is the greatest common factor of 594 and 220?
22
What is the greatest common divisor of 2924 and 12?
4
What is the highest common factor of 26765 and 53?
53
Calculate the greatest common factor of 135 and 126.
9
What is the highest common divisor of 220 and 1870?
110
Calculate the greatest common divisor of 72 and 2520.
72
What is the greatest common factor of 672 and 14?
14
What is the greatest common factor of 1 and 8?
1
What is the greatest common divisor of 85 and 40?
5
What is the greatest common factor of 9900 and 22?
22
What is the highest common factor of 9 and 93?
3
What is the greatest common factor of 14553 and 63?
63
Calculate the greatest common factor of 165 and 1095.
15
What is the greatest common factor of 1528 and 8?
8
What is the greatest common factor of 117 and 52?
13
What is the greatest common factor of 28 and 2576?
28
Calculate the greatest common divisor of 75 and 125.
25
Calculate the highest common factor of 76 and 418.
38
Calculate the highest common divisor of 3243 and 207.
69
What is the greatest common factor of 210 and 350?
70
Calculate the greatest common factor of 564 and 60.
12
What is